{"id":248,"date":"2025-10-20T13:40:56","date_gmt":"2025-10-20T13:40:56","guid":{"rendered":"https:\/\/kupperappliance.com\/?page_id=248"},"modified":"2025-10-20T13:44:19","modified_gmt":"2025-10-20T13:44:19","slug":"mantenimiento","status":"publish","type":"page","link":"https:\/\/kupperappliance.com\/index.php\/mantenimiento\/","title":{"rendered":"Mantenimiento"},"content":{"rendered":"\t\t<div data-elementor-type=\"wp-page\" data-elementor-id=\"248\" class=\"elementor elementor-248\" data-elementor-post-type=\"page\">\n\t\t\t\t<div class=\"elementor-element elementor-element-d1736d0 e-flex e-con-boxed e-con e-parent\" data-id=\"d1736d0\" data-element_type=\"container\" data-settings=\"{&quot;background_background&quot;:&quot;classic&quot;}\">\n\t\t\t\t\t<div class=\"e-con-inner\">\n\t\t\t\t<div class=\"elementor-element elementor-element-675fb92 elementor-widget elementor-widget-heading\" data-id=\"675fb92\" data-element_type=\"widget\" data-widget_type=\"heading.default\">\n\t\t\t\t\t<h2 class=\"elementor-heading-title elementor-size-default\">Sitio en mantenimiento<\/h2>\t\t\t\t<\/div>\n\t\t\t\t<div class=\"elementor-element elementor-element-d421f36 elementor-widget elementor-widget-text-editor\" data-id=\"d421f36\" data-element_type=\"widget\" data-widget_type=\"text-editor.default\">\n\t\t\t\t\t\t\t\t\t<p>Estamos realizando mejoras en nuestro sitio para ofrecerte una mejor experiencia.<br \/>Por el momento, el acceso est\u00e1 temporalmente deshabilitado.<\/p><p><strong>\u00bfQu\u00e9 puedes esperar?<\/strong><\/p><p>Mayor velocidad y rendimiento<\/p><p>Nuevas funcionalidades<\/p><p>Mejor seguridad<\/p><p><strong>Tiempo estimado de restauraci\u00f3n:<\/strong><br \/>Volveremos pronto. Gracias por tu paciencia.<\/p><p>Si necesitas asistencia urgente, puedes contactarnos a trav\u00e9s del correo kevin.molina@euromobilia.com<\/p>\t\t\t\t\t\t\t\t<\/div>\n\t\t\t\t\t<\/div>\n\t\t\t\t<\/div>\n\t\t\t\t<\/div>\n\t\t","protected":false},"excerpt":{"rendered":"<p>Sitio en mantenimiento Estamos realizando mejoras en nuestro sitio para ofrecerte una mejor experiencia.Por el momento, el acceso est\u00e1 temporalmente deshabilitado. \u00bfQu\u00e9 puedes esperar? Mayor velocidad y rendimiento Nuevas funcionalidades Mejor seguridad Tiempo estimado de restauraci\u00f3n:Volveremos pronto. Gracias por tu paciencia. Si necesitas asistencia urgente, puedes contactarnos a trav\u00e9s del correo kevin.molina@euromobilia.com<\/p>\n","protected":false},"author":3,"featured_media":0,"parent":0,"menu_order":0,"comment_status":"closed","ping_status":"closed","template":"elementor_canvas","meta":{"footnotes":""},"class_list":["post-248","page","type-page","status-publish","hentry"],"blocksy_meta":[],"yoast_head":"<!-- This site is optimized with the Yoast SEO plugin v26.7 - https:\/\/yoast.com\/wordpress\/plugins\/seo\/ -->\n<title>Mantenimiento - Kupper<\/title>\n<meta name=\"robots\" content=\"index, follow, max-snippet:-1, max-image-preview:large, max-video-preview:-1\" \/>\n<link rel=\"canonical\" href=\"https:\/\/kupperappliance.com\/index.php\/mantenimiento\/\" \/>\n<meta property=\"og:locale\" content=\"es_ES\" \/>\n<meta property=\"og:type\" content=\"article\" \/>\n<meta property=\"og:title\" content=\"Mantenimiento - Kupper\" \/>\n<meta property=\"og:description\" content=\"Sitio en mantenimiento Estamos realizando mejoras en nuestro sitio para ofrecerte una mejor experiencia.Por el momento, el acceso est\u00e1 temporalmente deshabilitado. \u00bfQu\u00e9 puedes esperar? Mayor velocidad y rendimiento Nuevas funcionalidades Mejor seguridad Tiempo estimado de restauraci\u00f3n:Volveremos pronto. Gracias por tu paciencia. Si necesitas asistencia urgente, puedes contactarnos a trav\u00e9s del correo kevin.molina@euromobilia.com\" \/>\n<meta property=\"og:url\" content=\"https:\/\/kupperappliance.com\/index.php\/mantenimiento\/\" \/>\n<meta property=\"og:site_name\" content=\"Kupper\" \/>\n<meta property=\"article:modified_time\" content=\"2025-10-20T13:44:19+00:00\" \/>\n<meta name=\"twitter:card\" content=\"summary_large_image\" \/>\n<script type=\"application\/ld+json\" class=\"yoast-schema-graph\">{\"@context\":\"https:\/\/schema.org\",\"@graph\":[{\"@type\":\"WebPage\",\"@id\":\"https:\/\/kupperappliance.com\/index.php\/mantenimiento\/\",\"url\":\"https:\/\/kupperappliance.com\/index.php\/mantenimiento\/\",\"name\":\"Mantenimiento - Kupper\",\"isPartOf\":{\"@id\":\"https:\/\/kupperappliance.com\/#website\"},\"datePublished\":\"2025-10-20T13:40:56+00:00\",\"dateModified\":\"2025-10-20T13:44:19+00:00\",\"breadcrumb\":{\"@id\":\"https:\/\/kupperappliance.com\/index.php\/mantenimiento\/#breadcrumb\"},\"inLanguage\":\"es-CR\",\"potentialAction\":[{\"@type\":\"ReadAction\",\"target\":[\"https:\/\/kupperappliance.com\/index.php\/mantenimiento\/\"]}]},{\"@type\":\"BreadcrumbList\",\"@id\":\"https:\/\/kupperappliance.com\/index.php\/mantenimiento\/#breadcrumb\",\"itemListElement\":[{\"@type\":\"ListItem\",\"position\":1,\"name\":\"Portada\",\"item\":\"https:\/\/kupperappliance.com\/\"},{\"@type\":\"ListItem\",\"position\":2,\"name\":\"Mantenimiento\"}]},{\"@type\":\"WebSite\",\"@id\":\"https:\/\/kupperappliance.com\/#website\",\"url\":\"https:\/\/kupperappliance.com\/\",\"name\":\"Kupper\",\"description\":\"Kupper Logo\",\"potentialAction\":[{\"@type\":\"SearchAction\",\"target\":{\"@type\":\"EntryPoint\",\"urlTemplate\":\"https:\/\/kupperappliance.com\/?s={search_term_string}\"},\"query-input\":{\"@type\":\"PropertyValueSpecification\",\"valueRequired\":true,\"valueName\":\"search_term_string\"}}],\"inLanguage\":\"es-CR\"}]}<\/script>\n<!-- \/ Yoast SEO plugin. -->","yoast_head_json":{"title":"Mantenimiento - Kupper","robots":{"index":"index","follow":"follow","max-snippet":"max-snippet:-1","max-image-preview":"max-image-preview:large","max-video-preview":"max-video-preview:-1"},"canonical":"https:\/\/kupperappliance.com\/index.php\/mantenimiento\/","og_locale":"es_ES","og_type":"article","og_title":"Mantenimiento - Kupper","og_description":"Sitio en mantenimiento Estamos realizando mejoras en nuestro sitio para ofrecerte una mejor experiencia.Por el momento, el acceso est\u00e1 temporalmente deshabilitado. \u00bfQu\u00e9 puedes esperar? Mayor velocidad y rendimiento Nuevas funcionalidades Mejor seguridad Tiempo estimado de restauraci\u00f3n:Volveremos pronto. Gracias por tu paciencia. Si necesitas asistencia urgente, puedes contactarnos a trav\u00e9s del correo kevin.molina@euromobilia.com","og_url":"https:\/\/kupperappliance.com\/index.php\/mantenimiento\/","og_site_name":"Kupper","article_modified_time":"2025-10-20T13:44:19+00:00","twitter_card":"summary_large_image","schema":{"@context":"https:\/\/schema.org","@graph":[{"@type":"WebPage","@id":"https:\/\/kupperappliance.com\/index.php\/mantenimiento\/","url":"https:\/\/kupperappliance.com\/index.php\/mantenimiento\/","name":"Mantenimiento - Kupper","isPartOf":{"@id":"https:\/\/kupperappliance.com\/#website"},"datePublished":"2025-10-20T13:40:56+00:00","dateModified":"2025-10-20T13:44:19+00:00","breadcrumb":{"@id":"https:\/\/kupperappliance.com\/index.php\/mantenimiento\/#breadcrumb"},"inLanguage":"es-CR","potentialAction":[{"@type":"ReadAction","target":["https:\/\/kupperappliance.com\/index.php\/mantenimiento\/"]}]},{"@type":"BreadcrumbList","@id":"https:\/\/kupperappliance.com\/index.php\/mantenimiento\/#breadcrumb","itemListElement":[{"@type":"ListItem","position":1,"name":"Portada","item":"https:\/\/kupperappliance.com\/"},{"@type":"ListItem","position":2,"name":"Mantenimiento"}]},{"@type":"WebSite","@id":"https:\/\/kupperappliance.com\/#website","url":"https:\/\/kupperappliance.com\/","name":"Kupper","description":"Kupper Logo","potentialAction":[{"@type":"SearchAction","target":{"@type":"EntryPoint","urlTemplate":"https:\/\/kupperappliance.com\/?s={search_term_string}"},"query-input":{"@type":"PropertyValueSpecification","valueRequired":true,"valueName":"search_term_string"}}],"inLanguage":"es-CR"}]}},"_links":{"self":[{"href":"https:\/\/kupperappliance.com\/index.php\/wp-json\/wp\/v2\/pages\/248","targetHints":{"allow":["GET"]}}],"collection":[{"href":"https:\/\/kupperappliance.com\/index.php\/wp-json\/wp\/v2\/pages"}],"about":[{"href":"https:\/\/kupperappliance.com\/index.php\/wp-json\/wp\/v2\/types\/page"}],"author":[{"embeddable":true,"href":"https:\/\/kupperappliance.com\/index.php\/wp-json\/wp\/v2\/users\/3"}],"replies":[{"embeddable":true,"href":"https:\/\/kupperappliance.com\/index.php\/wp-json\/wp\/v2\/comments?post=248"}],"version-history":[{"count":8,"href":"https:\/\/kupperappliance.com\/index.php\/wp-json\/wp\/v2\/pages\/248\/revisions"}],"predecessor-version":[{"id":390,"href":"https:\/\/kupperappliance.com\/index.php\/wp-json\/wp\/v2\/pages\/248\/revisions\/390"}],"wp:attachment":[{"href":"https:\/\/kupperappliance.com\/index.php\/wp-json\/wp\/v2\/media?parent=248"}],"curies":[{"name":"wp","href":"https:\/\/api.w.org\/{rel}","templated":true}]}}